{"id":792,"date":"2025-05-29T14:42:37","date_gmt":"2025-05-29T14:42:37","guid":{"rendered":"https:\/\/saleswork.no\/?page_id=792"},"modified":"2025-09-26T08:52:28","modified_gmt":"2025-09-26T08:52:28","slug":"kundeservice","status":"publish","type":"page","link":"https:\/\/saleswork.no\/?page_id=792","title":{"rendered":"Kundeservice"},"content":{"rendered":"\t\t<div data-elementor-type=\"wp-page\" data-elementor-id=\"792\" class=\"elementor elementor-792\" data-elementor-post-type=\"page\">\n\t\t\t\t\t\t<section class=\"elementor-section elementor-top-section elementor-element elementor-element-6be7243 elementor-section-content-middle elementor-section-boxed elementor-section-height-default elementor-section-height-default exad-glass-effect-no exad-sticky-section-no\" data-id=\"6be7243\" data-element_type=\"section\" data-settings=\"{&quot;background_background&quot;:&quot;classic&quot;}\">\n\t\t\t\t\t\t<div class=\"elementor-container elementor-column-gap-no\">\n\t\t\t\t\t<div class=\"elementor-column elementor-col-100 elementor-top-column elementor-element elementor-element-42214f4a exad-glass-effect-no exad-sticky-section-no\" data-id=\"42214f4a\" data-element_type=\"column\">\n\t\t\t<div class=\"elementor-widget-wrap elementor-element-populated\">\n\t\t\t\t\t\t<div class=\"elementor-element elementor-element-f7b894 exad-sticky-section-no exad-glass-effect-no elementor-widget elementor-widget-heading\" data-id=\"f7b894\" data-element_type=\"widget\" data-widget_type=\"heading.default\">\n\t\t\t\t<div class=\"elementor-widget-container\">\n\t\t\t\t\t<h1 class=\"elementor-heading-title elementor-size-default\">Kundeservice<\/h1>\t\t\t\t<\/div>\n\t\t\t\t<\/div>\n\t\t\t\t\t<\/div>\n\t\t<\/div>\n\t\t\t\t\t<\/div>\n\t\t<\/section>\n\t\t\t\t<section class=\"elementor-section elementor-top-section elementor-element elementor-element-6ae51ca elementor-section-boxed elementor-section-height-default elementor-section-height-default exad-glass-effect-no exad-sticky-section-no\" data-id=\"6ae51ca\" data-element_type=\"section\">\n\t\t\t\t\t\t<div class=\"elementor-container elementor-column-gap-default\">\n\t\t\t\t\t<div class=\"elementor-column elementor-col-100 elementor-top-column elementor-element elementor-element-340f7a6 exad-glass-effect-no exad-sticky-section-no\" data-id=\"340f7a6\" data-element_type=\"column\">\n\t\t\t<div class=\"elementor-widget-wrap elementor-element-populated\">\n\t\t\t\t\t\t<div class=\"elementor-element elementor-element-87a6f0c exad-sticky-section-no exad-glass-effect-no elementor-widget elementor-widget-text-editor\" data-id=\"87a6f0c\" data-element_type=\"widget\" data-widget_type=\"text-editor.default\">\n\t\t\t\t<div class=\"elementor-widget-container\">\n\t\t\t\t\t\t\t\t\t<p>Profesjonell kundeservice \u2013 som styrker ditt omd\u00f8mme.<br \/>Vi tar vare p\u00e5 kundene dine \u2013 som om de var v\u00e5re egne.<br \/>F\u00f8rsteinntrykk varer.<\/p><p>Derfor tilbyr vi profesjonell og p\u00e5litelig kundeservice som s\u00f8rger for at dine kunder blir h\u00f8rt, hjulpet og husket. Vi h\u00e5ndterer dine henvendelser med empati, effektivitet og h\u00f8y kvalitet \u2013 og representerer din merkevare p\u00e5 en m\u00e5te som styrker relasjonene og \u00f8ker kundelojaliteten.<\/p>\t\t\t\t\t\t\t\t<\/div>\n\t\t\t\t<\/div>\n\t\t\t\t\t<\/div>\n\t\t<\/div>\n\t\t\t\t\t<\/div>\n\t\t<\/section>\n\t\t\t\t<section class=\"elementor-section elementor-top-section elementor-element elementor-element-173fa7d5 elementor-section-full_width elementor-section-content-middle elementor-reverse-tablet elementor-reverse-mobile elementor-section-height-default elementor-section-height-default exad-glass-effect-no exad-sticky-section-no\" data-id=\"173fa7d5\" data-element_type=\"section\">\n\t\t\t\t\t\t<div class=\"elementor-container elementor-column-gap-no\">\n\t\t\t\t\t<div class=\"elementor-column elementor-col-50 elementor-top-column elementor-element elementor-element-37fb6010 exad-glass-effect-no exad-sticky-section-no\" data-id=\"37fb6010\" data-element_type=\"column\">\n\t\t\t<div class=\"elementor-widget-wrap elementor-element-populated\">\n\t\t\t\t\t\t<div class=\"elementor-element elementor-element-4c20c5d2 exad-sticky-section-no exad-glass-effect-no elementor-widget elementor-widget-image\" data-id=\"4c20c5d2\" data-element_type=\"widget\" data-widget_type=\"image.default\">\n\t\t\t\t<div class=\"elementor-widget-container\">\n\t\t\t\t\t\t\t\t\t\t\t\t\t\t\t<img fetchpriority=\"high\" decoding=\"async\" width=\"960\" height=\"640\" src=\"https:\/\/saleswork.no\/wp-content\/uploads\/2025\/05\/iesb4ifvuza-1024x683.jpg\" class=\"attachment-large size-large wp-image-1347\" alt=\"a woman shaking hands with another woman sitting at a table\" srcset=\"https:\/\/saleswork.no\/wp-content\/uploads\/2025\/05\/iesb4ifvuza-1024x683.jpg 1024w, https:\/\/saleswork.no\/wp-content\/uploads\/2025\/05\/iesb4ifvuza-600x400.jpg 600w, https:\/\/saleswork.no\/wp-content\/uploads\/2025\/05\/iesb4ifvuza-300x200.jpg 300w, https:\/\/saleswork.no\/wp-content\/uploads\/2025\/05\/iesb4ifvuza-768x512.jpg 768w, https:\/\/saleswork.no\/wp-content\/uploads\/2025\/05\/iesb4ifvuza-1536x1024.jpg 1536w, https:\/\/saleswork.no\/wp-content\/uploads\/2025\/05\/iesb4ifvuza-1280x855.jpg 1280w, https:\/\/saleswork.no\/wp-content\/uploads\/2025\/05\/iesb4ifvuza-150x100.jpg 150w, https:\/\/saleswork.no\/wp-content\/uploads\/2025\/05\/iesb4ifvuza.jpg 1600w\" sizes=\"(max-width: 960px) 100vw, 960px\" \/>\t\t\t\t\t\t\t\t\t\t\t\t\t\t\t<\/div>\n\t\t\t\t<\/div>\n\t\t\t\t\t<\/div>\n\t\t<\/div>\n\t\t\t\t<div class=\"elementor-column elementor-col-50 elementor-top-column elementor-element elementor-element-9f34c01 exad-glass-effect-no exad-sticky-section-no\" data-id=\"9f34c01\" data-element_type=\"column\">\n\t\t\t<div class=\"elementor-widget-wrap elementor-element-populated\">\n\t\t\t\t\t\t<div class=\"elementor-element elementor-element-611d5a5b exad-sticky-section-no exad-glass-effect-no elementor-widget elementor-widget-heading\" data-id=\"611d5a5b\" data-element_type=\"widget\" data-widget_type=\"heading.default\">\n\t\t\t\t<div class=\"elementor-widget-container\">\n\t\t\t\t\t<h3 class=\"elementor-heading-title elementor-size-default\">KUNDEOPPF\u00d8LGING &amp; SUPPORT (INBOUND\/OUTBOUND)<\/h3>\t\t\t\t<\/div>\n\t\t\t\t<\/div>\n\t\t\t\t<div class=\"elementor-element elementor-element-41710b6c exad-sticky-section-no exad-glass-effect-no elementor-widget elementor-widget-text-editor\" data-id=\"41710b6c\" data-element_type=\"widget\" data-widget_type=\"text-editor.default\">\n\t\t\t\t<div class=\"elementor-widget-container\">\n\t\t\t\t\t\t\t\t\t<p data-start=\"1178\" data-end=\"1219\">Styrk relasjoner og \u00f8k kundetilfredsheten<\/p><ul data-start=\"1221\" data-end=\"1687\"><li data-start=\"1221\" data-end=\"1319\"><p data-start=\"1223\" data-end=\"1319\"><strong data-start=\"1223\" data-end=\"1253\">Kundeoppf\u00f8lging etter kj\u00f8p<\/strong><br data-start=\"1253\" data-end=\"1256\" \/>Vi sikrer at dine kunder blir h\u00f8rt, forst\u00e5tt og tatt vare p\u00e5.<\/p><\/li><li data-start=\"1321\" data-end=\"1440\"><p data-start=\"1323\" data-end=\"1440\"><strong data-start=\"1323\" data-end=\"1350\">Kundeservice og support<\/strong><br data-start=\"1350\" data-end=\"1353\" \/>Vi besvarer innkommende samtaler og e-poster med fokus p\u00e5 rask og profesjonell hjelp.<\/p><\/li><li data-start=\"1442\" data-end=\"1565\"><p data-start=\"1444\" data-end=\"1565\"><strong data-start=\"1444\" data-end=\"1486\">Tilbakemeldinger og lojalitetsm\u00e5linger<\/strong><br data-start=\"1486\" data-end=\"1489\" \/>Vi gjennomf\u00f8rer unders\u00f8kelser som NPS og CSAT for \u00e5 m\u00e5le kundetilfredshet.<\/p><\/li><li data-start=\"1567\" data-end=\"1687\"><p data-start=\"1569\" data-end=\"1687\"><strong data-start=\"1569\" data-end=\"1609\">Avbrutte kj\u00f8p \/ handlekurvoppf\u00f8lging<\/strong><br data-start=\"1609\" data-end=\"1612\" \/>Vi f\u00f8lger opp kunder som ikke har fullf\u00f8rt et kj\u00f8p, og reduserer frafall.<\/p><\/li><\/ul>\t\t\t\t\t\t\t\t<\/div>\n\t\t\t\t<\/div>\n\t\t\t\t<div class=\"elementor-element elementor-element-37110df4 elementor-mobile-align-center exad-sticky-section-no exad-glass-effect-no elementor-widget elementor-widget-button\" data-id=\"37110df4\" data-element_type=\"widget\" data-widget_type=\"button.default\">\n\t\t\t\t<div class=\"elementor-widget-container\">\n\t\t\t\t\t\t\t\t\t<div class=\"elementor-button-wrapper\">\n\t\t\t\t\t<a class=\"elementor-button elementor-button-link elementor-size-sm\" href=\"#\">\n\t\t\t\t\t\t<span class=\"elementor-button-content-wrapper\">\n\t\t\t\t\t\t\t\t\t<span class=\"elementor-button-text\">Kontakt oss<\/span>\n\t\t\t\t\t<\/span>\n\t\t\t\t\t<\/a>\n\t\t\t\t<\/div>\n\t\t\t\t\t\t\t\t<\/div>\n\t\t\t\t<\/div>\n\t\t\t\t\t<\/div>\n\t\t<\/div>\n\t\t\t\t\t<\/div>\n\t\t<\/section>\n\t\t\t\t<section class=\"elementor-section elementor-top-section elementor-element elementor-element-79a63bf4 elementor-section-full_width elementor-section-content-middle elementor-section-height-default elementor-section-height-default exad-glass-effect-no exad-sticky-section-no\" data-id=\"79a63bf4\" data-element_type=\"section\">\n\t\t\t\t\t\t<div class=\"elementor-container elementor-column-gap-no\">\n\t\t\t\t\t<div class=\"elementor-column elementor-col-100 elementor-top-column elementor-element elementor-element-273e8f99 exad-glass-effect-no exad-sticky-section-no\" data-id=\"273e8f99\" data-element_type=\"column\">\n\t\t\t<div class=\"elementor-widget-wrap elementor-element-populated\">\n\t\t\t\t\t\t<div class=\"elementor-element elementor-element-22a313e4 exad-sticky-section-no exad-glass-effect-no elementor-widget elementor-widget-heading\" data-id=\"22a313e4\" data-element_type=\"widget\" data-widget_type=\"heading.default\">\n\t\t\t\t<div class=\"elementor-widget-container\">\n\t\t\t\t\t<h3 class=\"elementor-heading-title elementor-size-default\">Hva vi tilbyr innen kundeservice<\/h3>\t\t\t\t<\/div>\n\t\t\t\t<\/div>\n\t\t\t\t<section class=\"elementor-section elementor-inner-section elementor-element elementor-element-123a861f elementor-section-full_width elementor-section-height-default elementor-section-height-default exad-glass-effect-no exad-sticky-section-no\" data-id=\"123a861f\" data-element_type=\"section\">\n\t\t\t\t\t\t<div class=\"elementor-container elementor-column-gap-custom\">\n\t\t\t\t\t<div class=\"elementor-column elementor-col-33 elementor-inner-column elementor-element elementor-element-5bd418fc exad-glass-effect-no exad-sticky-section-no\" data-id=\"5bd418fc\" data-element_type=\"column\">\n\t\t\t<div class=\"elementor-widget-wrap elementor-element-populated\">\n\t\t\t\t\t\t<div class=\"elementor-element elementor-element-222da6db exad-sticky-section-no exad-glass-effect-no elementor-widget elementor-widget-icon-box\" data-id=\"222da6db\" data-element_type=\"widget\" data-widget_type=\"icon-box.default\">\n\t\t\t\t<div class=\"elementor-widget-container\">\n\t\t\t\t\t\t\t<div class=\"elementor-icon-box-wrapper\">\n\n\t\t\t\n\t\t\t\t\t\t<div class=\"elementor-icon-box-content\">\n\n\t\t\t\t\t\t\t\t\t<h4 class=\"elementor-icon-box-title\">\n\t\t\t\t\t\t<span  >\n\t\t\t\t\t\t\t Innkommende kundeservice (Inbound)\t\t\t\t\t\t<\/span>\n\t\t\t\t\t<\/h4>\n\t\t\t\t\n\t\t\t\t\t\t\t\t\t<p class=\"elementor-icon-box-description\">\n\t\t\t\t\t\t\n\nVi besvarer alle henvendelser \u2013 raskt og profesjonelt:\n\n    Telefonsupport og sentralbord\n\n    E-post- og chatbesvarelser\n\n    Ordrestatus, levering og reklamasjon\n\n    Produkthjelp og teknisk st\u00f8tte\t\t\t\t\t<\/p>\n\t\t\t\t\n\t\t\t<\/div>\n\t\t\t\n\t\t<\/div>\n\t\t\t\t\t\t<\/div>\n\t\t\t\t<\/div>\n\t\t\t\t\t<\/div>\n\t\t<\/div>\n\t\t\t\t<div class=\"elementor-column elementor-col-33 elementor-inner-column elementor-element elementor-element-60537697 exad-glass-effect-no exad-sticky-section-no\" data-id=\"60537697\" data-element_type=\"column\">\n\t\t\t<div class=\"elementor-widget-wrap elementor-element-populated\">\n\t\t\t\t\t\t<div class=\"elementor-element elementor-element-7d505882 exad-sticky-section-no exad-glass-effect-no elementor-widget elementor-widget-icon-box\" data-id=\"7d505882\" data-element_type=\"widget\" data-widget_type=\"icon-box.default\">\n\t\t\t\t<div class=\"elementor-widget-container\">\n\t\t\t\t\t\t\t<div class=\"elementor-icon-box-wrapper\">\n\n\t\t\t\n\t\t\t\t\t\t<div class=\"elementor-icon-box-content\">\n\n\t\t\t\t\t\t\t\t\t<h4 class=\"elementor-icon-box-title\">\n\t\t\t\t\t\t<span  >\n\t\t\t\t\t\t\tKundeoppf\u00f8lging (Outbound)\t\t\t\t\t\t<\/span>\n\t\t\t\t\t<\/h4>\n\t\t\t\t\n\t\t\t\t\t\t\t\t\t<p class=\"elementor-icon-box-description\">\n\t\t\t\t\t\tVi kontakter dine kunder proaktivt:\n\n    Oppf\u00f8lging etter kj\u00f8p eller service\n\n    Tilfredshetsm\u00e5linger (NPS \/ CSAT)\n\n    Gjenaktivering av inaktive kunder\n\n    Varsling ved endringer, kampanjer eller driftsmeldinger\t\t\t\t\t<\/p>\n\t\t\t\t\n\t\t\t<\/div>\n\t\t\t\n\t\t<\/div>\n\t\t\t\t\t\t<\/div>\n\t\t\t\t<\/div>\n\t\t\t\t\t<\/div>\n\t\t<\/div>\n\t\t\t\t<div class=\"elementor-column elementor-col-33 elementor-inner-column elementor-element elementor-element-4ebdce1f exad-glass-effect-no exad-sticky-section-no\" data-id=\"4ebdce1f\" data-element_type=\"column\">\n\t\t\t<div class=\"elementor-widget-wrap elementor-element-populated\">\n\t\t\t\t\t\t<div class=\"elementor-element elementor-element-6e8f438a exad-sticky-section-no exad-glass-effect-no elementor-widget elementor-widget-icon-box\" data-id=\"6e8f438a\" data-element_type=\"widget\" data-widget_type=\"icon-box.default\">\n\t\t\t\t<div class=\"elementor-widget-container\">\n\t\t\t\t\t\t\t<div class=\"elementor-icon-box-wrapper\">\n\n\t\t\t\n\t\t\t\t\t\t<div class=\"elementor-icon-box-content\">\n\n\t\t\t\t\t\t\t\t\t<h4 class=\"elementor-icon-box-title\">\n\t\t\t\t\t\t<span  >\n\t\t\t\t\t\t\t24\/7 Beredskap og vakttelefon\t\t\t\t\t\t<\/span>\n\t\t\t\t\t<\/h4>\n\t\t\t\t\n\t\t\t\t\t\t\t\t\t<p class=\"elementor-icon-box-description\">\n\t\t\t\t\t\tVi er tilgjengelige n\u00e5r du trenger det \u2013 ogs\u00e5 utenom \u00e5pningstid. Ideelt for:\n\n    Teknisk support\n\n    Sikkerhetsl\u00f8sninger\n\n    Kritiske tjenester med d\u00f8gnvakt\t\t\t\t\t<\/p>\n\t\t\t\t\n\t\t\t<\/div>\n\t\t\t\n\t\t<\/div>\n\t\t\t\t\t\t<\/div>\n\t\t\t\t<\/div>\n\t\t\t\t\t<\/div>\n\t\t<\/div>\n\t\t\t\t\t<\/div>\n\t\t<\/section>\n\t\t\t\t\t<\/div>\n\t\t<\/div>\n\t\t\t\t\t<\/div>\n\t\t<\/section>\n\t\t\t\t<section class=\"elementor-section elementor-top-section elementor-element elementor-element-4b68ba8f elementor-section-content-middle elementor-section-full_width elementor-section-height-default elementor-section-height-default exad-glass-effect-no exad-sticky-section-no\" data-id=\"4b68ba8f\" data-element_type=\"section\">\n\t\t\t\t\t\t<div class=\"elementor-container elementor-column-gap-no\">\n\t\t\t\t\t<div class=\"elementor-column elementor-col-50 elementor-top-column elementor-element elementor-element-2e6ee218 exad-glass-effect-no exad-sticky-section-no\" data-id=\"2e6ee218\" data-element_type=\"column\">\n\t\t\t<div class=\"elementor-widget-wrap elementor-element-populated\">\n\t\t\t\t\t\t<div class=\"elementor-element elementor-element-35685f36 exad-sticky-section-no exad-glass-effect-no elementor-widget elementor-widget-heading\" data-id=\"35685f36\" data-element_type=\"widget\" data-widget_type=\"heading.default\">\n\t\t\t\t<div class=\"elementor-widget-container\">\n\t\t\t\t\t<h3 class=\"elementor-heading-title elementor-size-default\">Hvorfor outsource kundeservice til oss?<\/h3>\t\t\t\t<\/div>\n\t\t\t\t<\/div>\n\t\t\t\t<div class=\"elementor-element elementor-element-6bf9ead7 exad-sticky-section-no exad-glass-effect-no elementor-widget elementor-widget-text-editor\" data-id=\"6bf9ead7\" data-element_type=\"widget\" data-widget_type=\"text-editor.default\">\n\t\t\t\t<div class=\"elementor-widget-container\">\n\t\t\t\t\t\t\t\t\t<p data-start=\"1428\" data-end=\"1856\">\u2714 <strong data-start=\"1430\" data-end=\"1446\">Skalerbarhet<\/strong> \u2013 Vi tilpasser kapasiteten etter sesong, kampanjer og volum.<br data-start=\"1507\" data-end=\"1510\" \/>\u2714 <strong data-start=\"1512\" data-end=\"1536\">Kostnadseffektivitet<\/strong> \u2013 Du slipper faste l\u00f8nnskostnader, oppl\u00e6ring og sykefrav\u00e6r.<br data-start=\"1596\" data-end=\"1599\" \/>\u2714 <strong data-start=\"1601\" data-end=\"1620\">Profesjonalitet<\/strong> \u2013 V\u00e5rt team er erfarent, oppl\u00e6rt og representerer din merkevare korrekt.<br data-start=\"1693\" data-end=\"1696\" \/>\u2714 <strong data-start=\"1698\" data-end=\"1719\">Multikanal-st\u00f8tte<\/strong> \u2013 Vi dekker telefon, e-post, chat og SMS.<br data-start=\"1761\" data-end=\"1764\" \/>\u2714 <strong data-start=\"1766\" data-end=\"1794\">Kundetilfredshet i fokus<\/strong> \u2013 Vi l\u00f8ser saker raskt og skaper positive kundeopplevelser.<\/p><hr data-start=\"1858\" data-end=\"1861\" \/>\t\t\t\t\t\t\t\t<\/div>\n\t\t\t\t<\/div>\n\t\t\t\t<div class=\"elementor-element elementor-element-e5da0e0 elementor-mobile-align-center elementor-tablet-align-center elementor-align-center exad-sticky-section-no exad-glass-effect-no elementor-widget elementor-widget-button\" data-id=\"e5da0e0\" data-element_type=\"widget\" data-widget_type=\"button.default\">\n\t\t\t\t<div class=\"elementor-widget-container\">\n\t\t\t\t\t\t\t\t\t<div class=\"elementor-button-wrapper\">\n\t\t\t\t\t<a class=\"elementor-button elementor-button-link elementor-size-sm\" href=\"#\">\n\t\t\t\t\t\t<span class=\"elementor-button-content-wrapper\">\n\t\t\t\t\t\t\t\t\t<span class=\"elementor-button-text\">Kontakt oss<\/span>\n\t\t\t\t\t<\/span>\n\t\t\t\t\t<\/a>\n\t\t\t\t<\/div>\n\t\t\t\t\t\t\t\t<\/div>\n\t\t\t\t<\/div>\n\t\t\t\t\t<\/div>\n\t\t<\/div>\n\t\t\t\t<div class=\"elementor-column elementor-col-50 elementor-top-column elementor-element elementor-element-38ac0eba exad-glass-effect-no exad-sticky-section-no\" data-id=\"38ac0eba\" data-element_type=\"column\">\n\t\t\t<div class=\"elementor-widget-wrap elementor-element-populated\">\n\t\t\t\t\t\t<div class=\"elementor-element elementor-element-341a93f4 exad-sticky-section-no exad-glass-effect-no elementor-widget elementor-widget-image\" data-id=\"341a93f4\" data-element_type=\"widget\" data-widget_type=\"image.default\">\n\t\t\t\t<div class=\"elementor-widget-container\">\n\t\t\t\t\t\t\t\t\t\t\t\t\t\t\t<img decoding=\"async\" width=\"960\" height=\"640\" src=\"https:\/\/saleswork.no\/wp-content\/uploads\/2025\/05\/315vpgsafuk-1024x683.jpg\" class=\"attachment-large size-large wp-image-1346\" alt=\"woman in blue long sleeve shirt using silver macbook\" srcset=\"https:\/\/saleswork.no\/wp-content\/uploads\/2025\/05\/315vpgsafuk-1024x683.jpg 1024w, https:\/\/saleswork.no\/wp-content\/uploads\/2025\/05\/315vpgsafuk-600x400.jpg 600w, https:\/\/saleswork.no\/wp-content\/uploads\/2025\/05\/315vpgsafuk-300x200.jpg 300w, https:\/\/saleswork.no\/wp-content\/uploads\/2025\/05\/315vpgsafuk-768x512.jpg 768w, https:\/\/saleswork.no\/wp-content\/uploads\/2025\/05\/315vpgsafuk-1536x1024.jpg 1536w, https:\/\/saleswork.no\/wp-content\/uploads\/2025\/05\/315vpgsafuk-1280x855.jpg 1280w, https:\/\/saleswork.no\/wp-content\/uploads\/2025\/05\/315vpgsafuk-150x100.jpg 150w, https:\/\/saleswork.no\/wp-content\/uploads\/2025\/05\/315vpgsafuk.jpg 1600w\" sizes=\"(max-width: 960px) 100vw, 960px\" \/>\t\t\t\t\t\t\t\t\t\t\t\t\t\t\t<\/div>\n\t\t\t\t<\/div>\n\t\t\t\t\t<\/div>\n\t\t<\/div>\n\t\t\t\t\t<\/div>\n\t\t<\/section>\n\t\t\t\t<section class=\"elementor-section elementor-top-section elementor-element elementor-element-6a7662c9 elementor-section-content-middle elementor-reverse-tablet elementor-reverse-mobile elementor-section-boxed elementor-section-height-default elementor-section-height-default exad-glass-effect-no exad-sticky-section-no\" data-id=\"6a7662c9\" data-element_type=\"section\" data-settings=\"{&quot;background_background&quot;:&quot;classic&quot;}\">\n\t\t\t\t\t\t<div class=\"elementor-container elementor-column-gap-no\">\n\t\t\t\t\t<div class=\"elementor-column elementor-col-100 elementor-top-column elementor-element elementor-element-19fd3fef exad-glass-effect-no exad-sticky-section-no\" data-id=\"19fd3fef\" data-element_type=\"column\">\n\t\t\t<div class=\"elementor-widget-wrap elementor-element-populated\">\n\t\t\t\t\t\t<div class=\"elementor-element elementor-element-6c1cb0bf exad-sticky-section-no exad-glass-effect-no elementor-widget elementor-widget-heading\" data-id=\"6c1cb0bf\" data-element_type=\"widget\" data-widget_type=\"heading.default\">\n\t\t\t\t<div class=\"elementor-widget-container\">\n\t\t\t\t\t<h3 class=\"elementor-heading-title elementor-size-default\">\u00d8nsker du mer salg eller flere m\u00f8ter?!<\/h3>\t\t\t\t<\/div>\n\t\t\t\t<\/div>\n\t\t\t\t<div class=\"elementor-element elementor-element-77308675 exad-sticky-section-no exad-glass-effect-no elementor-widget elementor-widget-text-editor\" data-id=\"77308675\" data-element_type=\"widget\" data-widget_type=\"text-editor.default\">\n\t\t\t\t<div class=\"elementor-widget-container\">\n\t\t\t\t\t\t\t\t\t<p>Kontakt oss idag, vi vil gjerne h\u00f8re mer om deres selskap og ta en prat om hvordan vi kan hjelpe med suksess.<\/p>\t\t\t\t\t\t\t\t<\/div>\n\t\t\t\t<\/div>\n\t\t\t\t<div class=\"elementor-element elementor-element-2b381eca elementor-mobile-align-center elementor-align-center exad-sticky-section-no exad-glass-effect-no elementor-widget elementor-widget-button\" data-id=\"2b381eca\" data-element_type=\"widget\" data-widget_type=\"button.default\">\n\t\t\t\t<div class=\"elementor-widget-container\">\n\t\t\t\t\t\t\t\t\t<div class=\"elementor-button-wrapper\">\n\t\t\t\t\t<a class=\"elementor-button elementor-button-link elementor-size-sm\" href=\"https:\/\/saleswork.no\/?page_id=626&#038;preview_id=626&#038;preview_nonce=bbebcd5f3b&#038;preview=true\">\n\t\t\t\t\t\t<span class=\"elementor-button-content-wrapper\">\n\t\t\t\t\t\t\t\t\t<span class=\"elementor-button-text\">Kontakt oss<\/span>\n\t\t\t\t\t<\/span>\n\t\t\t\t\t<\/a>\n\t\t\t\t<\/div>\n\t\t\t\t\t\t\t\t<\/div>\n\t\t\t\t<\/div>\n\t\t\t\t\t<\/div>\n\t\t<\/div>\n\t\t\t\t\t<\/div>\n\t\t<\/section>\n\t\t\t\t<\/div>\n\t\t","protected":false},"excerpt":{"rendered":"<p>Kundeservice Profesjonell kundeservice \u2013 som styrker ditt omd\u00f8mme.Vi tar vare p\u00e5 kundene dine \u2013 som om de var v\u00e5re egne.F\u00f8rsteinntrykk varer. Derfor tilbyr vi profesjonell og p\u00e5litelig kundeservice som s\u00f8rger for at dine kunder blir h\u00f8rt, hjulpet og husket. Vi h\u00e5ndterer dine henvendelser med empati, effektivitet og h\u00f8y kvalitet \u2013 og representerer din merkevare p\u00e5 [&hellip;]<\/p>\n","protected":false},"author":1,"featured_media":0,"parent":0,"menu_order":0,"comment_status":"closed","ping_status":"closed","template":"","meta":{"_acf_changed":false,"footnotes":""},"class_list":["post-792","page","type-page","status-publish","hentry"],"acf":[],"_links":{"self":[{"href":"https:\/\/saleswork.no\/index.php?rest_route=\/wp\/v2\/pages\/792","targetHints":{"allow":["GET"]}}],"collection":[{"href":"https:\/\/saleswork.no\/index.php?rest_route=\/wp\/v2\/pages"}],"about":[{"href":"https:\/\/saleswork.no\/index.php?rest_route=\/wp\/v2\/types\/page"}],"author":[{"embeddable":true,"href":"https:\/\/saleswork.no\/index.php?rest_route=\/wp\/v2\/users\/1"}],"replies":[{"embeddable":true,"href":"https:\/\/saleswork.no\/index.php?rest_route=%2Fwp%2Fv2%2Fcomments&post=792"}],"version-history":[{"count":17,"href":"https:\/\/saleswork.no\/index.php?rest_route=\/wp\/v2\/pages\/792\/revisions"}],"predecessor-version":[{"id":1586,"href":"https:\/\/saleswork.no\/index.php?rest_route=\/wp\/v2\/pages\/792\/revisions\/1586"}],"wp:attachment":[{"href":"https:\/\/saleswork.no\/index.php?rest_route=%2Fwp%2Fv2%2Fmedia&parent=792"}],"curies":[{"name":"wp","href":"https:\/\/api.w.org\/{rel}","templated":true}]}}